{"id":68,"date":"2014-09-11T19:29:13","date_gmt":"2014-09-11T17:29:13","guid":{"rendered":"http:\/\/energie-therapie-ostfriesland.de\/?page_id=68"},"modified":"2014-09-25T18:33:39","modified_gmt":"2014-09-25T16:33:39","slug":"ich-ueber-mich","status":"publish","type":"page","link":"https:\/\/energie-therapie-ostfriesland.de\/?page_id=68","title":{"rendered":"\u00fcber mich"},"content":{"rendered":"<div><\/div>\n<div>\u00a0\u00a0\u00a0\u00a0\u00a0\u00a0\u00a0\u00a0\u00a0\u00a0\u00a0\u00a0\u00a0\u00a0\u00a0\u00a0\u00a0\u00a0\u00a0\u00a0\u00a0\u00a0\u00a0\u00a0\u00a0\u00a0\u00a0\u00a0\u00a0\u00a0\u00a0\u00a0\u00a0\u00a0\u00a0 \u00a0 \u00a0 \u00a0 \u00a0 \u00a0\u00a0 \u00a0 \u00a0\u00a0 <a href=\"http:\/\/energie-therapie-ostfriesland.de\/wp-content\/uploads\/2014\/09\/engel10.gif\"><img loading=\"lazy\" class=\"alignnone  wp-image-14\" src=\"http:\/\/energie-therapie-ostfriesland.de\/wp-content\/uploads\/2014\/09\/engel10-238x300.gif\" alt=\"engel10\" width=\"281\" height=\"354\" \/><\/a><\/div>\n<div><\/div>\n<div style=\"text-align: center;\"><\/div>\n<div style=\"text-align: center;\"><span style=\"color: #800080;\">Bis 2012 habe ich kaum etwas von Reiki gekannt.<\/span><br \/>\n<span style=\"color: #800080;\"> Ich wusste, dass es mit Heilen zu tun habe, aber das war es auch.<\/span><br \/>\n<span style=\"color: #800080;\"> Mein Leben hat\u00b4s\u00a0 nicht immer gut mit mir gemeint und so dachte ich,<\/span><br \/>\n<span style=\"color: #800080;\"> das was mir schon passiert ist! Schlimmer kann\u00b4s nicht mehr kommen,<\/span><br \/>\n<span style=\"color: #800080;\"> au\u00dfer dass meiner Familie etwas zust\u00f6\u00dft.<\/span><\/div>\n<div style=\"text-align: center;\"><span style=\"color: #800080;\">Aber es kam anders als ich dachte. Als im April 2012 meine beste Freundin unangek\u00fcndigt, wie es meistens so ist, starb,<\/span><br \/>\n<span style=\"color: #800080;\"> brach f\u00fcr mich eine Welt zusammen.<\/span><br \/>\n<span style=\"color: #800080;\"> Und so kam ich zu Reiki.<\/span><br \/>\n<span style=\"color: #800080;\"> Zwei meiner T\u00f6chter bekamen Reiki-Sitzungen<\/span><br \/>\n<span style=\"color: #800080;\"> Und da es den beiden sehr gut tat, wurde ich von meiner Tochter \u00fcberredet es auch auszuprobieren, was ich dann nach langer \u00dcberlegung auch tat.<\/span><br \/>\n<span style=\"color: #800080;\"> Und so bekam ich meine erste Reiki-Sitzung.<\/span><br \/>\n<span style=\"color: #800080;\"> Da ich die Reiki-Sitzung immer abends bekam,<\/span><br \/>\n<span style=\"color: #800080;\"> ging es mir am n\u00e4chsten Tag sehr gut.<\/span><br \/>\n<span style=\"color: #800080;\"> Und so wollte ich wissen, was da hinter steckte.Ich bestellte mir ein Buch.<\/span><br \/>\n<span style=\"color: #800080;\"> Das Buch war dann so interessant, dass ich es dann gleich zweimal lesen musste.<\/span><br \/>\n<span style=\"color: #800080;\"> So dachte ich, wenn du jetzt weiter kommen m\u00f6chtest,<\/span><br \/>\n<span style=\"color: #800080;\"> dann musst du Dieter Ippen<a style=\"color: #800080;\" href=\"http:\/\/energie-therapie-ostfriesland.de\/wp-content\/uploads\/2014\/09\/IMG_0026.jpg\"><img loading=\"lazy\" class=\"alignnone  wp-image-110\" src=\"http:\/\/energie-therapie-ostfriesland.de\/wp-content\/uploads\/2014\/09\/IMG_0026-300x200.jpg\" alt=\"IMG_0026\" width=\"77\" height=\"51\" srcset=\"https:\/\/energie-therapie-ostfriesland.de\/wp-content\/uploads\/2014\/09\/IMG_0026-300x200.jpg 300w, https:\/\/energie-therapie-ostfriesland.de\/wp-content\/uploads\/2014\/09\/IMG_0026-1024x682.jpg 1024w\" sizes=\"(max-width: 77px) 100vw, 77px\" \/><\/a> (SP\u00c4TER MEIN REIKI-LEHRER) Fragen stellen.<\/span><br \/>\n<span style=\"color: #800080;\"> Und so machte ich im November 2012 den 1.Grad,<\/span><br \/>\n<span style=\"color: #800080;\"> im April 2013 den 2.Grad,<\/span><br \/>\n<span style=\"color: #800080;\"> und im Dezember 2013 den Meister.<\/span><br \/>\n<span style=\"color: #800080;\"> Ich bin sehr gl\u00fccklich, dass ich mich f\u00fcr Reiki entschieden habe.<\/span><br \/>\n<span style=\"color: #800080;\"> Damit ich auf diesem Weg vielen Menschen helfen kann, so wie mir geholfen wurde.<\/span><br \/>\n<span style=\"color: #800080;\"> Vor allem den kleinen, die mir sehr am Herzen liegen<\/span><\/div>\n<div style=\"text-align: center;\"><span style=\"color: #800080;\">\u00a0\u00a0\u00a0\u00a0\u00a0\u00a0\u00a0\u00a0\u00a0\u00a0\u00a0\u00a0\u00a0\u00a0\u00a0\u00a0\u00a0\u00a0\u00a0\u00a0\u00a0\u00a0\u00a0\u00a0\u00a0\u00a0\u00a0\u00a0\u00a0\u00a0\u00a0\u00a0\u00a0 \u00a0 \u00a0 \u00a0 \u00a0\u00a0\u00a0\u00a0\u00a0\u00a0\u00a0\u00a0\u00a0\u00a0\u00a0\u00a0\u00a0\u00a0\u00a0\u00a0\u00a0\u00a0\u00a0\u00a0\u00a0\u00a0\u00a0\u00a0\u00a0\u00a0 \u00a0\u00a0\u00a0\u00a0\u00a0\u00a0\u00a0\u00a0 \u00a0 \u00a0 \u00a0 \u00a0 \u00a0 \u00a0 \u00a0 \u00a0 \u00a0 \u00a0 \u00a0 \u00a0 \u00a0 \u00a0 \u00a0 \u00a0 \u00a0 \u00a0 \u00a0 \u00a0 \u00a0 \u00a0 \u00a0 \u00a0 \u00a0 \u00a0 \u00a0 \u00a0 \u00a0\u00a0 \u00a0 <a style=\"color: #800080;\" href=\"http:\/\/energie-therapie-ostfriesland.de\/wp-content\/uploads\/2014\/09\/engel-1.gif\"><img loading=\"lazy\" class=\"alignnone  wp-image-12\" src=\"http:\/\/energie-therapie-ostfriesland.de\/wp-content\/uploads\/2014\/09\/engel-1-225x300.gif\" alt=\"engel 1\" width=\"279\" height=\"372\" \/><\/a><\/span><\/div>\n","protected":false},"excerpt":{"rendered":"<p>\u00a0\u00a0\u00a0\u00a0\u00a0\u00a0\u00a0\u00a0\u00a0\u00a0\u00a0\u00a0\u00a0\u00a0\u00a0\u00a0\u00a0\u00a0\u00a0\u00a0\u00a0\u00a0\u00a0\u00a0\u00a0\u00a0\u00a0\u00a0\u00a0\u00a0\u00a0\u00a0\u00a0\u00a0\u00a0 \u00a0 \u00a0 \u00a0 \u00a0 \u00a0\u00a0 \u00a0 \u00a0\u00a0 Bis 2012 habe ich kaum etwas von Reiki gekannt. Ich wusste, dass es mit Heilen zu tun habe, aber das war es auch. Mein Leben hat\u00b4s\u00a0 nicht immer gut mit mir gemeint und so dachte ich, das was mir schon passiert ist! Schlimmer kann\u00b4s nicht mehr kommen, &hellip; <a href=\"https:\/\/energie-therapie-ostfriesland.de\/?page_id=68\" class=\"more-link\"><span class=\"screen-reader-text\">\u00fcber mich<\/span> weiterlesen <span class=\"meta-nav\">&rarr;<\/span><\/a><\/p>\n","protected":false},"author":1,"featured_media":0,"parent":0,"menu_order":0,"comment_status":"closed","ping_status":"closed","template":"","meta":{"ngg_post_thumbnail":0},"_links":{"self":[{"href":"https:\/\/energie-therapie-ostfriesland.de\/index.php?rest_route=\/wp\/v2\/pages\/68"}],"collection":[{"href":"https:\/\/energie-therapie-ostfriesland.de\/index.php?rest_route=\/wp\/v2\/pages"}],"about":[{"href":"https:\/\/energie-therapie-ostfriesland.de\/index.php?rest_route=\/wp\/v2\/types\/page"}],"author":[{"embeddable":true,"href":"https:\/\/energie-therapie-ostfriesland.de\/index.php?rest_route=\/wp\/v2\/users\/1"}],"replies":[{"embeddable":true,"href":"https:\/\/energie-therapie-ostfriesland.de\/index.php?rest_route=%2Fwp%2Fv2%2Fcomments&post=68"}],"version-history":[{"count":19,"href":"https:\/\/energie-therapie-ostfriesland.de\/index.php?rest_route=\/wp\/v2\/pages\/68\/revisions"}],"predecessor-version":[{"id":352,"href":"https:\/\/energie-therapie-ostfriesland.de\/index.php?rest_route=\/wp\/v2\/pages\/68\/revisions\/352"}],"wp:attachment":[{"href":"https:\/\/energie-therapie-ostfriesland.de\/index.php?rest_route=%2Fwp%2Fv2%2Fmedia&parent=68"}],"curies":[{"name":"wp","href":"https:\/\/api.w.org\/{rel}","templated":true}]}}

über mich

<div></div>
<div>                                                    <a href="http://energie-therapie-ostfriesland.de/wp-content/uploads/2014/09/engel10.gif"><img loading="lazy" class="alignnone  wp-image-14" src="http://energie-therapie-ostfriesland.de/wp-content/uploads/2014/09/engel10-238x300.gif" alt="engel10" width="281" height="354" /></a></div>
<div></div>
<div style="text-align: center;"></div>
<div style="text-align: center;"><span style="color: #800080;">Bis 2012 habe ich kaum etwas von Reiki gekannt.</span><br />
<span style="color: #800080;"> Ich wusste, dass es mit Heilen zu tun habe, aber das war es auch.</span><br />
<span style="color: #800080;"> Mein Leben hat´s  nicht immer gut mit mir gemeint und so dachte ich,</span><br />
<span style="color: #800080;"> das was mir schon passiert ist! Schlimmer kann´s nicht mehr kommen,</span><br />
<span style="color: #800080;"> außer dass meiner Familie etwas zustößt.</span></div>
<div style="text-align: center;"><span style="color: #800080;">Aber es kam anders als ich dachte. Als im April 2012 meine beste Freundin unangekündigt, wie es meistens so ist, starb,</span><br />
<span style="color: #800080;"> brach für mich eine Welt zusammen.</span><br />
<span style="color: #800080;"> Und so kam ich zu Reiki.</span><br />
<span style="color: #800080;"> Zwei meiner Töchter bekamen Reiki-Sitzungen</span><br />
<span style="color: #800080;"> Und da es den beiden sehr gut tat, wurde ich von meiner Tochter überredet es auch auszuprobieren, was ich dann nach langer Überlegung auch tat.</span><br />
<span style="color: #800080;"> Und so bekam ich meine erste Reiki-Sitzung.</span><br />
<span style="color: #800080;"> Da ich die Reiki-Sitzung immer abends bekam,</span><br />
<span style="color: #800080;"> ging es mir am nächsten Tag sehr gut.</span><br />
<span style="color: #800080;"> Und so wollte ich wissen, was da hinter steckte.Ich bestellte mir ein Buch.</span><br />
<span style="color: #800080;"> Das Buch war dann so interessant, dass ich es dann gleich zweimal lesen musste.</span><br />
<span style="color: #800080;"> So dachte ich, wenn du jetzt weiter kommen möchtest,</span><br />
<span style="color: #800080;"> dann musst du Dieter Ippen<a style="color: #800080;" href="http://energie-therapie-ostfriesland.de/wp-content/uploads/2014/09/IMG_0026.jpg"><img loading="lazy" class="alignnone  wp-image-110" src="http://energie-therapie-ostfriesland.de/wp-content/uploads/2014/09/IMG_0026-300x200.jpg" alt="IMG_0026" width="77" height="51" srcset="https://energie-therapie-ostfriesland.de/wp-content/uploads/2014/09/IMG_0026-300x200.jpg 300w, https://energie-therapie-ostfriesland.de/wp-content/uploads/2014/09/IMG_0026-1024x682.jpg 1024w" sizes="(max-width: 77px) 100vw, 77px" /></a> (SPÄTER MEIN REIKI-LEHRER) Fragen stellen.</span><br />
<span style="color: #800080;"> Und so machte ich im November 2012 den 1.Grad,</span><br />
<span style="color: #800080;"> im April 2013 den 2.Grad,</span><br />
<span style="color: #800080;"> und im Dezember 2013 den Meister.</span><br />
<span style="color: #800080;"> Ich bin sehr glücklich, dass ich mich für Reiki entschieden habe.</span><br />
<span style="color: #800080;"> Damit ich auf diesem Weg vielen Menschen helfen kann, so wie mir geholfen wurde.</span><br />
<span style="color: #800080;"> Vor allem den kleinen, die mir sehr am Herzen liegen</span></div>
<div style="text-align: center;"><span style="color: #800080;">                                                                                                                                         <a style="color: #800080;" href="http://energie-therapie-ostfriesland.de/wp-content/uploads/2014/09/engel-1.gif"><img loading="lazy" class="alignnone  wp-image-12" src="http://energie-therapie-ostfriesland.de/wp-content/uploads/2014/09/engel-1-225x300.gif" alt="engel 1" width="279" height="372" /></a></span></div>

<p>                                                    Bis 2012 habe ich kaum etwas von Reiki gekannt. Ich wusste, dass es mit Heilen zu tun habe, aber das war es auch. Mein Leben hat´s  nicht immer gut mit mir gemeint und so dachte ich, das was mir schon passiert ist! Schlimmer kann´s nicht mehr kommen, &hellip; <a href="https://energie-therapie-ostfriesland.de/?page_id=68" class="more-link"><span class="screen-reader-text">über mich</span> weiterlesen <span class="meta-nav">&rarr;</span></a></p>
